t are the prime factors of 401075390?
2, 5, 17, 2359267
List the prime factors of 58021811.
97, 598163
List the prime factors of 621362443.
13, 47797111
List the prime factors of 57157460.
2, 5, 1103, 2591
What are the prime factors of 1457742917?
1457742917
What are the prime factors of 265020426?
2, 3, 11, 31, 43177
What are the prime factors of 912682084?
2, 29, 1171, 6719
What are the prime factors of 42872314?
2, 3947, 5431
What are the prime factors of 296524609?
296524609
What are the prime factors of 142273471?
9109, 15619
What are the prime factors of 295003157?
157, 397, 4733
What are the prime factors of 58508269?
79, 283, 2617
List the prime factors of 1047141040.
2, 5, 11, 1189933
List the prime factors of 1144990337.
20071, 57047
List the prime factors of 98774395.
5, 19754879
List the prime factors of 91348499.
11, 167, 49727
List the prime factors of 29212153.
29212153
What are the prime factors of 4731916260?
2, 3, 5, 31, 2544041
List the prime factors of 849598957.
53, 16030169
List the prime factors of 1247898176.
2, 7, 2785487
What are the prime factors of 167296571?
13, 2251, 5717
List the prime factors of 721871956.
2, 13, 13882153
List the prime factors of 182463892.
2, 13, 31, 8707
List the prime factors of 3685949031.
3, 1228649677
What are the prime factors of 590229030?
2, 3, 5, 41, 479861
What are the prime factors of 158485491?
3, 1956611
What are the prime factors of 376302100?
2, 5, 41, 91781
What are the prime factors of 1452011819?
1452011819
What are the prime factors of 508854557?
17, 223, 134227
List the prime factors of 297331620.
2, 3, 5, 599, 8273
List the prime factors of 583858480.
2, 5, 7298231
List the prime factors of 81985788.
2, 3, 2277383
List the prime factors of 983398783.
103, 9547561
List the prime factors of 959544242.
2, 83, 5780387
What are the prime factors of 501980670?
2, 3, 5, 1483, 3761
What are the prime factors of 88605303?
3, 19, 1193, 1303
What are the prime factors of 54447031?
1709, 31859
List the prime factors of 55499156.
2, 29, 478441
List the prime factors of 7305093.
3, 41, 6599
What are the prime factors of 401228566?
2, 47, 701, 6089
List the prime factors of 112253527.
112253527
List the prime factors of 130535909.
7, 19, 981473
List the prime factors of 336950643.
3, 112316881
List the prime factors of 572877116.
2, 7, 293, 69829
List the prime factors of 192095949.
3, 719, 89057
What are the prime factors of 231001504?
2, 43, 167879
List the prime factors of 35275761.
3, 19, 206291
List the prime factors of 1038469430.
2, 5, 71, 311, 4703
List the prime factors of 1438838372.
2, 127, 2832359
What are the prime factors of 30177898?
2, 1451, 10399
List the prime factors of 1592472608.
2, 919, 54151
What are the prime factors of 856648295?
5, 171329659
What are the prime factors of 425977265?
5, 7, 73, 166723
List the prime factors of 66236730.
2, 3, 5, 7, 41, 157
List the prime factors of 193360712.
2, 24170089
What are the prime factors of 688359483?
3, 7, 10926341
What are the prime factors of 167131408?
2, 29, 360197
What are the prime factors of 1933774593?
3, 644591531
What are the prime factors of 2287225899?
3, 7, 1973, 18401
List the prime factors of 1645466744.
2, 163, 1261861
What are the prime factors of 4820701?
73, 66037
List the prime factors of 307730856.
2, 3, 2269, 5651
List the prime factors of 329202061.
37, 191, 1259
List the prime factors of 935205300.
2, 3, 5, 23, 45179
What are the prime factors of 152301240?
2, 3, 5, 7, 13, 4649
What are the prime factors of 141993043?
141993043
List the prime factors of 37552195.
5, 7510439
List the prime factors of 315724336.
2, 31, 636541
List the prime factors of 1063215038.
2, 11489, 46271
What are the prime factors of 522059678?
2, 7, 173, 439, 491
What are the prime factors of 303523639?
191, 1589129
List the prime factors of 1481815550.
2, 5, 67, 442333
What are the prime factors of 2519002299?
3, 11, 103, 741101
What are the prime factors of 4852257177?
3, 29, 113, 493567
List the prime factors of 59203703.
13, 29, 53, 2963
List the prime factors of 37647548.
2, 101, 93187
What are the prime factors of 5146984800?
2, 3, 5, 61, 11719
List the prime factors of 495368539.
101, 379, 12941
What are the prime factors of 8268500?
2, 5, 23, 719
List the prime factors of 698012305.
5, 139602461
List the prime factors of 120293579.
7, 19, 129209
List the prime factors of 51161994.
2, 3, 13, 218641
List the prime factors of 31740509.
31740509
What are the prime factors of 513482063?
769, 667727
What are the prime factors of 3778715000?
2, 5, 139, 5437
What are the prime factors of 33242420?
2, 5, 1662121
What are the prime factors of 53714924?
2, 13428731
What are the prime factors of 195426722?
2, 23, 751, 5657
What are the prime factors of 197887811?
11, 79, 227719
What are the prime factors of 3197722878?
2, 3, 7, 25378753
List the prime factors of 4603507560.
2, 3, 5, 29, 146983
List the prime factors of 70862419.
19, 61, 61141
What are the prime factors of 6414749?
11, 53, 11003
What are the prime factors of 149142393?
3, 3307, 5011
What are the prime factors of 4701872377?
457, 10288561
What are the prime factors of 2792174845?
5, 37, 15092837
What are the prime factors of 75518398?
2, 37759199
List the prime factors of 211663637.
2111, 100267
What are the prime factors of 2117084758?
2, 3967, 266837
What are the prime factors of 2291890962?
2, 3, 79, 4835213
List the prime factors of 58550885.
5, 773, 15149
List the prime factors of 2967193728.
2, 3, 858563
What are the prime factors of 46095928?
2, 5761991
List the prime factors of 380740951.
577, 659863
What are the prime factors of 3310315085?
5, 7, 11, 8598221
What are the prime factors of 197782077?
3, 19, 31, 173, 647
List the prime factors of 50890240.
2, 5, 103, 193
What are the prime factors of 76741047?
3, 29, 98009
List the prime factors of 287397775.
5, 7, 1642273
List the prime factors of 105397459.
4969, 21211
List the prime factors of 527060537.
17, 31003561
List the prime factors of 2930976908.
2, 67, 10936481
List the prime factors of 382538672.
2, 3499, 6833
List the prime factors of 35412812.
2, 71, 124693
What are the prime factors of 1300400093?
83, 89, 401, 439
What are the prime factors of 647005?
5, 129401
List the prime factors of 116253736.
2, 14531717
List the prime factors of 619882218.
2, 3, 601, 57301
What are the prime factors of 76160010?
2, 3, 5, 2538667
What are the prime factors of 397464676?
2, 7, 167, 12143
What are the prime factors of 17708882?
2, 409, 21649
List the prime factors of 1632508927.
7, 23, 127, 79841
List the prime factors of 71897310.
2, 3, 5, 23, 47, 739
What are the prime factors of 947887774?
2, 41, 1723, 6709
List the prime factors of 3378373.
3378373
List the prime factors of 1995806053.
1995806053
List the prime factors of 133141686.
2, 3, 89, 249329
List the prime factors of 372770291.
19, 19619489
List the prime factors of 182314626.
2, 3, 13, 2337367
List the prime factors of 116602208.
2, 3643819
What are the prime factors of 95808669?
3, 11, 139, 20887
What are the prime factors of 440599746?
2, 3, 73433291
What are the prime factors of 1204559726?
2, 23, 53, 494077
What are the prime factors of 68686127?
4903, 14009
What are the prime factors of 411513726?
2, 3, 13, 1129, 4673
What are the prime factors of 89447394?
2, 3, 193, 77243
What are the prime factors of 81652139?
17, 19, 23, 29, 379
What are the prime factors of 1225678699?
7, 17, 1471403
List the prime factors of 984139469.
17, 3251, 17807
What are the prime factors of 221718924?
2, 3, 7, 41897
What are the prime factors of 1349135727?
3, 311, 1446019
List the prime factors of 7037554228.
2, 131, 13430447
What are the prime factors of 17664671?
17664671
What are the prime factors of 244151653?
19, 89, 144383
What are the prime factors of 600099953?
31, 457, 42359
What are the prime factors of 711614369?
23197, 30677
List the prime factors of 231213101.
7, 467, 70729
List the prime factors of 241474436.
2, 7, 101, 103, 829
List the prime factors of 233207717.
17, 3137, 4373
List the prime factors of 2760664014.
2, 3, 19, 8072117
What are the prime factors of 463147683?
3, 154382561
List the prime factors of 72373500.
2, 3, 5, 1787
W